 -4*g - 45. What is the units digit of 0 - m - (-44)/4?
5
Let g(f) = -f**2 + 48*f + 17. What is the hundreds digit of g(19)?
5
Let f(v) = v**3 + 7*v**2 + 3*v + 6. Let d(i) = 5*i + 10. Let q = -7 - -4. Let r be d(q). What is the tens digit of f(r)?
4
Let v be 4/26 - 3444/78. What is the units digit of (v/(-5))/((-12)/(-60))?
4
Let g(l) = -5*l**2 + 6*l**2 + 3 - 2 - 5*l. What is the units digit of g(-5)?
1
Let g be ((-180)/(-75))/((-1)/5). Let f = 14 + g. What is the units digit of f?
2
Let t be (-63)/(-15) + (-1)/5. Suppose 4*q + 0*b + 4*b = 4, t*q - b = 9. Suppose 0*n + 25 = g + 3*n, -3*g + q*n = -31. What is the units digit of g?
3
What is the tens digit of ((-22)/(-8) + -3)/(3/(-5052))?
2
Let x = 7 + 54. Let h = -89 + 175. Let n = h - x. What is the units digit of n?
5
Let w = 291 - 272. What is the units digit of w?
9
Let u be ((-6)/(-4))/(5/20). Suppose -n - 675 = -u*n. What is the hundreds digit of n?
1
Let m = 2442 + 1596. What is the hundreds digit of m?
0
What is the hundreds digit of 53*2 + 7 + -3?
1
Let i(x) = -8*x**2 - 179*x + 33. What is the tens digit of i(-20)?
1
Suppose -5*o = 2*f - 679 - 283, -2*o + 2426 = 5*f. What is the hundreds digit of f?
4
Let f(z) = z - 1. Let g(a) = a**3 + 8*a**2 + 7. Let w be g(-8). Let m be f(w). What is the tens digit of 11 - (-4)/(8/m)?
1
Let q = 95 - 149. Let j = q - -93. Suppose -3*h + j = -12. What is the units digit of h?
7
Let a = -26 + 13. Let s = a + 39. Suppose 3*h - 55 - s = 0. What is the units digit of h?
7
Suppose 19*r = 17*r. Suppose 20 = 5*b - r*b. Suppose 0 = -b*d - 0*d + 76. What is the units digit of d?
9
Let d(s) be the third derivative of s**5/20 - s**4/24 + s**3/6 + s**2. Let l be d(1). Suppose -l*o = -29 - 37. What is the tens digit of o?
2
Let c(z) be the third derivative of z**6/8 - z**5/30 - z**4/6 + z**3/2 - 35*z**2. What is the units digit of c(2)?
7
Suppose 3*m - 5*z - 1301 = 0, 4*m - 1466 = z + 297. What is the tens digit of m?
4
Let i = -493 - -1367. Suppose 5*y - i = 91. What is the units digit of y?
3
Suppose -3*x - 301 = -4*z, 0 = -5*z - 5*x + 361 + 24. What is the tens digit of z?
7
Let c(p) = 5*p**2 + 18*p - 283. What is the units digit of c(27)?
8
Suppose -k - 18 = -5*v, -2*k = -0*k + 4*v - 34. Suppose -k*d = -3*d - 124. What is the units digit of d?
1
Let n(s) = -243*s + 50. What is the hundreds digit of n(-3)?
7
Let r(a) = 576*a**3 - a**2 + a. What is the tens digit of r(1)?
7
Let t = -6 - -8. Suppose 0 = -4*g + t*q - 336, 0*g - 5*g - 420 = -3*q. What is the units digit of (-1)/4 - g/16?
5
Suppose 0 = 2*x - 3*x + 10. Let f = x - 0. What is the units digit of f?
0
Let c be 621/(-21) + 3 - (-12)/(-28). What is the units digit of (-2)/(-1) - c/1?
9
Let f = 340 + -97. What is the hundreds digit of f?
2
What is the tens digit of 2 - (1*-318 + (-15 - -17))?
1
Suppose 0 = 5*a - 9 + 39. Let f be (-3)/a*-1*50. Let r = f + 47. What is the units digit of r?
2
Let o be 5/((-220)/(-14292)) - (-2)/11. Let u = o - 203. What is the hundreds digit of u?
1
Let h = 76 + -16. Let j be (-2)/(-5) - 24/h. Suppose 4*f - 70 + 2 = j. What is the tens digit of f?
1
Suppose 4*o - 2*t - 40 = 0, 3*o - 2*t = -6*t + 30. Let x = 198 + -174. Let v = x - o. What is the units digit of v?
4
Let p be (148/8)/(2/8). Suppose -3*q + p = -40. What is the units digit of q?
8
Suppose -652 = 11*v + 448. Let y = -23 - v. What is the tens digit of y?
7
Suppose -86 = 3*n - 4*n + 5*g, 239 = 4*n + g. Let i = n + 24. What is the units digit of i?
5
Suppose 5*b = -f + 16144 - 5280, 2*b - 5*f = 4351. What is the units digit of b?
3
Let j = 1491 + -972. What is the hundreds digit of j?
5
Let p be (-13)/(-2) - (-24)/16. Let l(z) = 6*z + z + 2*z**2 - z**2 + 0*z**2 + p. What is the units digit of l(-8)?
6
Let t = 2961 - 962. What is the hundreds digit of t?
9
Let a(w) = 318*w**2 - 22*w - 8. What is the hundreds digit of a(3)?
7
Suppose -18 = -4*s - 0*s + p, 2*s - 4*p - 16 = 0. Let z = -4 + 6. Suppose 0 = -j + 2, 0*v - 3*v - z = -s*j. What is the units digit of v?
2
Let k = -4869 + 7093. What is the units digit of k?
4
Let b be 1 + (0 - -2) + -11 + 6. What is the tens digit of b/(-13) - (180/(-13) + 2)?
1
What is the hundreds digit of ((-21)/9)/(7/(-1470))?
4
Suppose 9*o - 28 = 2*o. Suppose 3*q = -o*j + 66, -3*j + 2*j = -2*q + 55. What is the units digit of q?
6
Suppose -6 = -4*m + 14. Suppose f - m = 0, 5*d + 4*f - 106 = 239. What is the units digit of d?
5
Let a(f) = 8*f**3 + 5*f**2 + 22*f - 13. What is the units digit of a(7)?
0
Suppose 20750 = 54*d - 49*d. What is the hundreds digit of d?
1
Let r(q) = q**2 + 5*q - 3. Let l be r(-6). Let u(y) = 2*y**2 - 13*y + 8. Let n be u(8). Suppose 0 = -l*c + n - 8. What is the units digit of c?
8
Let o be 0 - (0 + 6/(-2)). Suppose 3*z - 7*m + 3*m - 107 = 0, -58 = -2*z - 4*m. What is the tens digit of z*(-2 + o)*1?
3
Let l = -111 - -116. Suppose -5*y - l*w = -535, -3*y + 211 = -2*w - 95. What is the tens digit of y?
0
Let i = -7 + 14. Suppose -v - i = -4*b, -5*v + 8 = -3*b - 8. Suppose 0 = v*m - 3*k - 225, -3*k = 5*m - 0*k - 225. What is the tens digit of m?
4
Let n = -1142 - -3034. What is the hundreds digit of n?
8
Let t(o) = -65*o**3 - o. Let g be t(1). Suppose 297 = 4*c - 71. Let m = g + c. What is the units digit of m?
6
Let n(p) = -3*p + 10. Let s = -8 + 13. Let u be n(s). What is the units digit of 16/(u*8/(-20))?
8
Suppose 5*y = 8*h - 9*h + 3945, -y - 15885 = -4*h. What is the units digit of h?
0
Suppose 9*n - 4*n - 30 = 0. Suppose 0 = a - n*a + 180. What is the tens digit of a?
3
Suppose 2 = q - 6. Suppose 3*m + 355 = q*m. Suppose -5*r + m = 3*u, -3*r - 67 = -8*r - u. What is the units digit of r?
3
Let d = 25 - 22. Let h be (-8)/(-2) + (d - 2). Suppose h*p + s + 0*s = 209, 4*p - 160 = s. What is the tens digit of p?
4
Let f = 3156 + -1217. What is the tens digit of f?
3
Let n = 1471 - 947. What is the hundreds digit of n?
5
Suppose -n = c - 893, 469 - 1364 = -c - 3*n. What is the hundreds digit of c?
8
Suppose 0 = 3*d + z - 4, 4*d = -d - 2*z + 7. Let x(r) = -3 + 23*r**2 + 3. What is the units digit of x(d)?
3
Let u be (-2*2)/(2/(-3)). Suppose u*g - 81 = 3*g. What is the units digit of g?
7
Let u(g) = 5*g**2 - 2*g - 14. Let t = -11 - -5. What is the tens digit of u(t)?
7
Let h(k) = k**2 + 4*k - 6. Let r be h(-6). Suppose 4*z = -3*m + 8, 0 = 2*m - 0*z - 4*z + 28. Let i = r - m. What is the units digit of i?
0
Let k = -68 - -39. Let l = 15 + k. Let q = l - -15. What is the units digit of q?
1
Suppose 3*p - 8278 = x, 0 = -2*p - 3*x + 5148 + 367. What is the units digit of p?
9
Suppose -2*m + 819 = b, -2*b = 2*b - 5*m - 3289. What is the hundreds digit of b?
8
Suppose 3*a - 2*p - 2874 = 0, -5*a - 10*p + 4790 = -7*p. What is the tens digit of a?
5
Let n(x) = 361*x + 217. What is the tens digit of n(8)?
0
Let o(a) = -a**2 - 5*a + 1. Let h be o(-4). Suppose -h*r + 8 = -12. Suppose -4*u = v - 103, -u + 3*u = -r*v + 34. What is the tens digit of u?
2
Let p = -143 + 577. What is the tens digit of p?
3
Let l be (-7)/14*4/(-1). Suppose -n + 54 = l*i, -3*n + 27 = 2*i - 35. What is the units digit of i?
5
Suppose -3*t = -104 - 406. Let h = t + -78. What is the units digit of h?
2
Let t(f) = 13*f - 15. Let w(v) = -9*v + 10. Let g(i) = 5*t(i) + 7*w(i). Let h(b) = -b**3 - 12*b**2 - 14*b - 25. Let a be h(-11). What is the tens digit of g(a)?
1
Suppose 0 = 6*g - 1170 - 702. What is the hundreds digit of g?
3
Let w(c) = -7*c - 26. Let v be w(-4). Suppose 6*i = -v*i + 488. What is the units digit of i?
1
Let p be 244/(-36) + (-5)/((-45)/(-2)). What is the units digit of 9380/98 - 2/p?
6
Let s = -317 - -950. What is the tens digit of s?
3
Let f(a) = a**2 + a + 321. What is the tens digit of f(0)?
2
Let m = -18 - -18. Let r(d) = -d + m + 3*d + 37. What is the tens digit of r(0)?
3
Suppose -w + 1 = -6. Let q(t) = t**2 - 5*t - 7. Let a be q(5). What is the tens digit of (a/(w/(-86)))/2?
4
Let a be ((-6)/4)/(-3)*-8. Let j be a/(-18) - 190/45. What is the units digit of (-3)/3 - (1 + j)?
2
Let j = -7 - -4. Let k(x) = 102*x**2 - 4*x. Let f be k(j). What is the units digit of f/33 + 2/(-11)?
8
What is the thousands digit of 276/((-3 - 3) + 5)*-7?
1
Suppose g - 2*l - 1881 = 0, -2*l + 13869 = 5*g + 4404. What is the units digit of g?
1
Let g = 56 - 51. What is the tens digit of (-1)/(g/(-703)) + 6